e number?
False
Let y(q) = -19*q**2 - q - 1. Let u be (-26)/7 + (-8)/28. Let w be y(u). Let l = 462 + w. Is l a prime number?
False
Suppose -3*i + 2024 = 5*i. Suppose 0 = 8*s - 5*s + 4*a + 332, a + 5 = 0. Let c = s + i. Is c a prime number?
True
Suppose -p = 2*o + 4*p - 41, -5*p - 15 = 0. Suppose -o = -4*i + 4. Is (483/12)/(2/i) a composite number?
True
Let b = 36643 + -21296. Is b a prime number?
False
Suppose -19*f + 15*f + 3*s = -276619, -2*f + 138329 = 5*s. Is f composite?
True
Is (30/(-15))/(4/(-13238)) prime?
True
Let g(n) = -9*n - 24. Let z be g(-10). Suppose -3*c + z = -291. Is c a prime number?
False
Suppose -5*n + 180 = -4*k - n, -139 = 3*k + n. Let j be (1 - k) + 0/2. Suppose -211 = -3*c - 2*v, c + j = 2*c - 4*v. Is c a composite number?
False
Suppose -1486 - 1778 = 4*x. Let u = 305 - x. Is u a prime number?
False
Suppose 1255 = y + 4*u, y - u - 3*u = 1231. Suppose g = 5*m + 259, 5*g + m = -0*g + y. Is g prime?
False
Let y(c) = 4 + 27*c**2 - 10*c - 4 - 7. Is y(-8) prime?
True
Suppose k - 62 = -w, 4*k + 25 = 3*w + 287. Let v be k - 3 - (-3 + 0). Let j = 123 + v. Is j prime?
False
Suppose 0 = -c - 4*c + 15. Suppose 25 = 4*x - c*x. Suppose x*n - 21*n = 2004. Is n prime?
False
Suppose -2*t - 12 = -5*t - u, -5*t - 3*u + 16 = 0. Suppose -164 = -t*r + 121. Is r prime?
False
Let z(c) = 2*c**2 + 11. Suppose -q + 0*q = -13. Let p = q - 23. Is z(p) composite?
False
Is ((-24)/36)/((-8)/335148) a composite number?
True
Let x(z) = 8*z**3 + 7*z**2 + 9*z + 9. Let f be x(-5). Is 1 + f/(-4)*8/2 a prime number?
False
Let h(d) = 11*d**2 + 6*d + 4. Let i be h(5). Suppose -i = 4*f - 2313. Suppose f = 5*n - 454. Is n a prime number?
True
Suppose -2*b - 3 = -s - 1, -4*s - 5*b + 47 = 0. Is (-2 + (-16316)/s)*(-4)/6 a composite number?
False
Let p = 123 - 148. Let v(i) = -180*i - 7. Is v(p) composite?
False
Let x(y) = -y**3 - 4*y**2 - 4*y - 41. Let w be x(-20). Let n = w + -4536. Is n a composite number?
True
Let m = 7 + -9. Is (251/m)/(4/(-8)) a prime number?
True
Let t be (2/7)/(12/84). Let r(l) = l - 6*l**3 + t*l**2 - 2 + 2*l**2 + 4 + 2. Is r(-3) a composite number?
False
Let u be (1 - 1)/(6 - 7). Suppose u = 4*d + 4916 - 15336. Is d composite?
True
Let d = -1533 - -2320. Is d a composite number?
False
Suppose -113*a + 26990 = -103*a. Is a composite?
False
Suppose 10*f = 5*f - 160. Let v(x) = -100*x**3 + 1. Let s be v(-1). Let w = f + s. Is w a composite number?
True
Suppose 2*r + 5*r = 42. Let o(p) = p**3 - p**2 - 2*p - 5. Is o(r) prime?
True
Let c(u) be the third derivative of u**5/30 + u**4/24 + 5*u**3/3 + 8*u**2. Is c(-5) composite?
True
Let g be (-4)/(-14) + 1159/133. Suppose -g*q - 103 = -10*q. Is q composite?
False
Let x(c) = 5*c**2 + 37*c - 5. Is x(12) composite?
True
Let g = 2217 + -3571. Let q = 2331 + g. Is q prime?
True
Suppose -4*j - 111937 = -3*o, 51347 = o - 4*j + 14024. Is o a composite number?
False
Let p(i) be the third derivative of 3*i**5/10 - i**4/8 + i**3/6 + 8*i**2. Let v be p(4). Is 4/18 + v/9 composite?
False
Let t(y) = 4*y + 1 + 7*y - 9*y + 57*y. Let l be (2 + 0)*(-3)/(-2). Is t(l) prime?
False
Let y = 10 + -8. Suppose -4*f + 6*l - 16 = 2*l, y*l - 8 = -f. Suppose s + 2*h + 180 = 4*s, 2*s + 5*h - 101 = f. Is s a composite number?
True
Is 7537048/259 - (-6)/14 composite?
False
Is ((-3)/9 - 4627/6)*-2 prime?
True
Let u(o) = -12 - 19*o + 22 - o**2 + 49*o + 12. Is u(29) a composite number?
True
Let s = 7 - 3. Suppose -24 = -s*r - 28. Let o(h) = -153*h + 2. Is o(r) a composite number?
True
Suppose 4*u + 5*x = 28, x + 2 = u + 2*u. Let y be -6*-2*2/8. Suppose 0 = 6*a - y*a + 2*z - 1757, 2*a + u*z = 1170. Is a composite?
False
Let x(m) = -m**2 - 5 - m**2 - 100*m**3 - 2*m**2 - 5*m + 0. Is x(-2) a prime number?
False
Let k be 10 - 6 - (0 - 6/2). Suppose -k*m + 7540 = -3387. Is m prime?
False
Let r be 4/(2 + (-162)/82). Let x(c) = 2*c**3 + 2*c + 1. Let j be x(-3). Let f = r - j. Is f composite?
False
Let c = 1423 + -939. Let g = 193 + c. Is g composite?
False
Suppose -21 = o - 5*t, 2*o - 2*t = -0 - 2. Suppose y - o*y = 2*n - 658, -2*n - 2*y + 658 = 0. Is n prime?
False
Is (-4)/(3949/39890 - 2/20) composite?
False
Suppose 52*c - 36042 = 46*c. Is c a composite number?
False
Suppose 336*f = 345*f - 10539. Is f composite?
False
Suppose 4*c - 7 = 5. Suppose -3785 = -c*h + 1918. Is h a prime number?
True
Suppose 2*q - 914 = -5*n, 3*q - 2*n - 1385 = -6*n. Is q a composite number?
False
Let y be 38175/10 + 2*1/(-4). Let t = y - 822. Is t prime?
False
Suppose 10*z - 16 = -6*z. Let v(j) = 695*j - 1. Is v(z) a composite number?
True
Let m(x) = 3890*x - 49. Is m(6) composite?
False
Suppose 7190 = 2*u + 3*u. Suppose -2*t + u = 2*w, -3*w + 5*w - 3*t - 1438 = 0. Is w prime?
True
Let n = 21 + -26. Is n/((-15)/(-6)) - (-4556)/4 a composite number?
True
Let f(y) = 6 - 4 - y - 2 - 3. Let l be f(-6). Suppose -3*s - 14 + 5 = 0, -l*w + 2*s + 705 = 0. Is w composite?
False
Let p(z) = -8*z + 4. Let u be p(4). Let y = u + 72. Let w = -25 + y. Is w composite?
False
Let h(a) = -a**2 + 16*a + 20. Let j be h(18). Let q(n) = -89*n - 31. Is q(j) a prime number?
False
Let d(y) = y - 9. Let w be d(9). Suppose w = 3*b - 4*z + 2160 - 715, -z + 965 = -2*b. Is (b/35)/(2/(-10)) prime?
False
Let q(j) be the third derivative of 31*j**5/20 + 5*j**4/12 + 3*j**3/2 - 19*j**2. Is q(4) composite?
True
Suppose 2*x = -x + 12. Suppose -x*n = -0*n - 24. Is 11/(21/n + -3) a composite number?
True
Let w = 1008 - 429. Is w a composite number?
True
Let s(f) = 138*f**3 - 5*f**2 - 5*f + 31. Is s(6) a prime number?
True
Suppose -2*z = 5*v - 29363, -5*z + 9335 = 5*v - 20025. Is v a composite number?
True
Let m be 23 - (-5)/(15/(-6)). Suppose -3*n + 15 + m = 0. Is 4/n - 4904/(-12) a prime number?
True
Suppose 3*k - 5*w = -5, 5*k + 8*w - 5 = 3*w. Let y(v) = 3*v - 6*v + k + 7 + 4*v. Is y(0) prime?
True
Suppose 0 = -4*m - 6 + 22. Let x = m - 2. Suppose -3*s + 7*s = x*h + 512, -5*s - h = -633. Is s composite?
False
Let a be -10*(-3 - (-26)/10). Is a - ((-3)/4)/((-6)/(-25704)) prime?
True
Let b(r) = 21*r - 4. Suppose -5 = -0*m + 5*m. Let d(v) = -13*v**3 + v**2 + 3*v + 2. Let n be d(m). Is b(n) prime?
True
Suppose -y + 701 = -d, 6*d - 3*d + 2103 = 5*y. Let r = 2208 + d. Is r a prime number?
False
Let q(b) = -13*b - 6. Let c be q(-2). Let i(t) = -t**2 - 6*t + 6. Let o be i(-7). Let u = o + c. Is u a composite number?
False
Let h = 425 - 155. Let i = -85 + h. Is i composite?
True
Suppose 140*h - 127*h = 126659. Is h a prime number?
True
Suppose -2*a = -2*r, 5*r + 1 = -a - 11. Let f(c) = -251*c - 15. Is f(r) composite?
False
Is 2/(-22) + 2327796/99 a composite number?
True
Is (-104208)/(-9) + (-6)/9 + 1 a composite number?
False
Suppose 97*y - 93*y + 2*i = 6116, i = -3*y + 4589. Is y prime?
True
Let g(m) = -1352*m + 87. Is g(-11) a prime number?
False
Is 76249/2 + (-69)/46 prime?
False
Suppose 5*d + 11 = 26. Suppose -x - p = -d*p - 2, -4*x + 5*p = -2. Is (x/8)/((-2)/424) prime?
True
Suppose -2*s = -6*s + 1052. Let c(z) = z**2 + 26*z + 20. Let b be c(-14). Let d = b + s. Is d a composite number?
True
Let t(m) = -m**3 + 24*m**2 + 88*m + 38. Is t(-27) prime?
True
Let k(j) be the third derivative of 11*j**7/420 + j**6/180 + j**5/120 + j**4/24 - j**3 + 6*j**2. Let o(m) be the first derivative of k(m). Is o(2) composite?
True
Suppose -438 = 2*p + 4*r, 0*r + r = 5*p + 1095. Let x = -88 - p. Is x composite?
False
Is (15865/10)/19*422 a prime number?
False
Suppose -1015 = -p + 2*q, 21*p - 18*p = 4*q + 3041. Is p a prime number?
False
Let f be (-60)/105 + 3490/7. Suppose 4*h - 406 = f. Is h a composite number?
True
Let f(g) = -g**2 - 13*g + 14. Let p be f(-11). Let i be (p/(-10))/((-9)/45). Is (2763/i)/((-2)/(-4)) prime?
True
Let x(r) = 7*r**2 + 18*r + 15. Is x(-38) composite?
False
Suppose -15*r + 12*r + 3648 = 0. Suppose -m = r - 3395. Is m prime?
True
Suppose -2*x = -2*t + 13 + 1, -x + 13 = 4*t. Suppose -5*v + 4037 = -2*v + 5*s, t*s + 1374 = v. Suppose 5*c + 0*z = z + 1710, 0 = 4*c + 2*z - v. Is c prime?
False
Let a = -19 - -14. Let k(i) = i + 2. Let s be k(a). Is 500/(-30)*s/2 prime?
False
Let a(u) = -223*u + 310. Is a(-17) composite?
True
Let w(y) = 3*y**2 + 53*y + 102. Is w(-32) a prime number?
False
Let a(h) be the second derivative of -h**4/12 + 5*h**3/6 - 2*h**2 - 2*h. Let d be a(4). Suppose d*t + 725 = 5